 17.
14
Let g(c) = 6*c + 7. Let z(x) = 7*x + 6. Let q(j) = 6*g(j) - 5*z(j). Let s(y) = -y**2 + 7*y. Let f be s(7). What is the remainder when q(f) is divided by 7?
5
Let l(j) = 3*j**2 - 5*j + 5. What is the remainder when l(2) is divided by 3?
1
Let h = 10 - -19. Calculate the remainder when 55 is divided by h.
26
Suppose f + 0*f = 0. Suppose -5*q = -5*w - f*w - 35, -4*q - w + 23 = 0. What is the remainder when q is divided by 3?
0
Suppose -1 = o - 172. Calculate the remainder when o is divided by 43.
42
Let l(b) = b**3 - 5*b**2 + 2*b - 2. Suppose 5*k = 0, -y + 2 = 2*k - 10. What is the remainder when l(6) is divided by y?
10
Let p = 66 - 38. Suppose -4*l + 3*g + 60 = 3, 42 = 3*l - 3*g. Calculate the remainder when p is divided by l.
13
Suppose -t + 1 = -2*t, 5*y + 2*t = 78. Calculate the remainder when 31 is divided by y.
15
Let l be 108/(-30)*5/(-3). What is the remainder when 23 is divided by 12 + (3 - l) + 4?
10
Let m = -27 - -45. Let h = 27 + 8. Calculate the remainder when h is divided by m.
17
Suppose -d + 5*s + 17 = s, 0 = 3*d + 3*s - 81. What is the remainder when 98 is divided by d?
23
Suppose -6*u = -5*u + 3. Calculate the remainder when (u + (-34)/(-10))*40 is divided by (-2)/7 + 130/14.
7
Suppose -4*r - 6 = -26. Suppose r*u - 12 = u. What is the remainder when u is divided by 2?
1
Let n(y) = y**3 - 4*y**2 + 4*y - 2. Let o(z) = z**2 + 13*z + 7. What is the remainder when o(-16) is divided by n(4)?
13
Suppose -5*d = 10 - 65. What is the remainder when 19 is divided by d?
8
Suppose 4*u - 20 = -2*n, 3*u - 2 = 5*n - 0*n. Suppose -n*k = k - 93. Suppose 4*m - 33 = m + q, 2*m - 22 = -4*q. What is the remainder when k is divided by m?
9
Let c(r) = -r + 2. Let t = 8 - 10. What is the remainder when 14 is divided by c(t)?
2
Let k = 189 + 15. What is the remainder when k is divided by 41?
40
Suppose -4*n - 3*c + 331 + 107 = 0, 0 = -5*n + 3*c + 561. What is the remainder when n is divided by 23?
19
Let u = 36 - 24. Suppose 175 = 3*o + 2*o. Calculate the remainder when o is divided by u.
11
Calculate the remainder when 51 is divided by 5 - 7 - 8*-2.
9
Suppose 5*u - 25 = -0*u. Suppose 21 - 81 = -u*c. Let l = -31 - -38. Calculate the remainder when c is divided by l.
5
Let m be 3 + -4 + (7 - 2). Suppose 0 = m*c - 33 - 23. Calculate the remainder when 26 is divided by c.
12
Suppose 8*z - 7*z - 7 = 0. Calculate the remainder when z is divided by 5.
2
Let x(f) be the third derivative of -f**6/30 - 3*f**2. Let n be x(-1). Suppose -5*v = -n - 11. What is the remainder when v is divided by 3?
0
Let a(l) = -4*l - 4. Let d be (-360)/14 - 12/42. Let p = 9 - d. What is the remainder when p is divided by a(-4)?
11
Let c = 76 - 61. What is the remainder when 43 is divided by c?
13
Let w = 2 + 0. Suppose k - 3 = w. Suppose -3*u + k*q - 2 = 0, 3*u = 2*q + 1 - 0. What is the remainder when 1 is divided by u?
0
Suppose 4*r + r = 40. Suppose -4*z - 1 + 93 = 0. Calculate the remainder when z is divided by r.
7
Let q(b) be the first derivative of b**4/4 - 7*b**3/3 + b**2/2 + 2*b - 4. Calculate the remainder when 32 is divided by q(7).
5
Suppose -3*g + 0 + 20 = 2*s, s - 19 = 3*g. Let z(d) = -8*d - 8. Let p be z(-10). Suppose -5*k + 113 = -p. What is the remainder when k is divided by s?
11
Let v(i) = -i**2 + 4*i. Suppose 4*s = 3*b, -4*s = b + 3*b - 28. What is the remainder when v(s) is divided by (0 - 1)/(1/(-1))?
0
Suppose -5*m = -3*d + 5 - 0, -4*d + 25 = -3*m. Let k = 47 + -28. What is the remainder when k is divided by d?
9
Suppose 0*d + 270 = 3*d. Suppose 3*y + 3*o - 57 = 0, -6*o + 2*o + d = 5*y. Calculate the remainder when 27 is divided by y.
13
Suppose -w = -4*w + 18. Let l = -29 + 40. What is the remainder when l is divided by w?
5
Let k = 40 + 76. Calculate the remainder when k is divided by 39.
38
Suppose 5 = -4*a + 25. Suppose -5*s - 5*z = -140, -5*s + 16 = -a*z - 84. What is the remainder when s is divided by 13*(1 + 0)*1?
11
Let z = 124 + -97. Calculate the remainder when 51 is divided by z.
24
Suppose -5*g = -2*p + 77, -2*p - 2*g = g - 85. Suppose 0 = -5*b - 2 - 58. Let f = b - -26. Calculate the remainder when p is divided by f.
13
Let j(l) = -2*l**2 + 19*l - 12. Let n(x) = -x**3 - 4*x**2 + x - 12. Let b be n(-5). What is the remainder when 34 is divided by j(b)?
10
Let j = 11 + 22. Suppose -4*b = -2 - 66. Calculate the remainder when j is divided by b.
16
Let k(i) = -i**3 - 16*i**2 - 12*i. Let r be k(-14). Let c = -157 - r. Calculate the remainder when c is divided by 23.
21
Suppose -s - 111 = -2*x, 0 = -5*s + 2 + 3. Let h = -6 - -10. Calculate the remainder when x/10 - (-2)/5 is divided by h.
2
Suppose -22*s = -17*s - 40. What is the remainder when s is divided by 4?
0
Let g(j) = -2*j**3 + 6*j**2 + 7*j - 6. Let p be g(6). Let v be (p/(-25))/(2/10). What is the remainder when (v/8)/(1/10) is divided by 12?
9
Suppose -d = 5 - 42. Let j = d + -18. Let p(b) = 9*b**2 + 2*b + 4. Calculate the remainder when p(-2) is divided by j.
17
Suppose m = -0*m + 1, 5*m = -k - 11. Let y = 38 + k. Suppose -y = -0*q - q. Calculate the remainder when q is divided by 12.
10
Let f = 7 - 1. What is the remainder when f is divided by 5?
1
Suppose 2*h + 2*h - 24 = 0. Let q(l) = -l + 10. Calculate the remainder when q(-12) is divided by h.
4
Let u = 2 - 4. What is the remainder when 43 is divided by u/4*4 + 17?
13
Suppose -2*q - 2*j = -20, -2*j + 4 = -5*q + 40. Suppose 0 = 5*u + 10, -4*g - 3*u + 44 = u. What is the remainder when g is divided by q?
5
Suppose -4*p + 476 = 4*c, 3*c - 221 - 136 = -2*p. Suppose -o + c = 9. What is the remainder when o is divided by 28?
26
Let t = 26 - 16. Let d be (-6 - -6) + -2*49. Let x = -59 - d. Calculate the remainder when x is divided by t.
9
Let l = 2 + -23. What is the remainder when (0 + -5)*l/3 is divided by 19?
16
Calculate the remainder when 65 - (-3 - (0 - 0)) is divided by 14.
12
Suppose 0 = -4*t + p + 8, 2*p + 6 = 4*t - 2. Calculate the remainder when 3 is divided by t.
1
Let v be (-4)/10 - 34/(-10). Suppose -v*t = 2*b - 7*b - 4, -7 = -b - 2*t. Let o = b - -7. What is the remainder when o is divided by 3?
2
Let t(q) be the third derivative of q**5/60 - q**4/24 + q**3/6 - 3*q**2. What is the remainder when t(5) is divided by 11?
10
Let s(o) = 6*o - 30. Calculate the remainder when 70 + 1*(1 + 0) is divided by s(8).
17
Suppose 3*c - 8 = 1. Let y(q) = -2*q**2 - 3*q - 1. Let x be y(c). What is the remainder when 26 is divided by x/6*(-3)/1?
12
Suppose -j = -2 + 3. Let v be (-6)/2 + 8 + j. Suppose -v*g + 18 = -g. What is the remainder when 11 is divided by g?
5
Let n(x) = -2*x**2 + x. Let k be n(1). Let h be k + 0 + 1 + -2. What is the remainder when 16 is divided by 1*(h + 2) - -9?
7
Let v = 94 - 36. What is the remainder when v is divided by 10?
8
Let z(y) = -y**2 - y - 1. Let t(k) = -28*k**2 - 5*k - 4. Let l(r) = -t(r) + 5*z(r). Calculate the remainder when l(1) is divided by 6.
4
Suppose -t - 4*a + 112 = 0, -7*t - 136 = -8*t + 2*a. What is the remainder when t is divided by 26?
24
Let l be 1 + -2 - -7 - 2. Suppose -j = l*j - 5. Suppose -3*r + 35 - 29 = 0. Calculate the remainder when r is divided by j.
0
Let r = 4 + -6. Let n = 3 - r. What is the remainder when 14 is divided by n?
4
Let c = -2 - -12. Suppose k + 5*z = 10 + 3, 2 = 4*k - 5*z. What is the remainder when c is divided by k?
1
Suppose -7*r = -2*r - 155. Let m = -13 + r. Suppose 3*f - 4*f = -m. What is the remainder when 52 is divided by f?
16
Suppose -5*n - 129 - 11 = 0. Calculate the remainder when 36/7*n/(-6) is divided by 13.
11
Let b(m) = -m**3 + 10*m**2 - 14*m - 14. Calculate the remainder when 7 is divided by b(8).
1
Let w = -14 - 28. Let p = w - -91. Calculate the remainder when p is divided by 17.
15
Suppose 3*u = 156 + 9. Calculate the remainder when u is divided by 14.
13
Let z be (2 + -2)*(-2)/4. Suppose 3*y + 22 = t - z, -4*t = -y - 55. Calculate the remainder when 50 is divided by t.
11
Suppose 0 = 10*m - 12*m + 4. Calculate the remainder when 2/(-6) + (-32)/(-6) is divided by m.
1
Suppose -2*o - 4 = 4*y - 24, -y + 11 = 2*o. Suppose h - 1 = y*g - 19, -25 = -2*g + 5*h. Calculate the remainder when 12 is divided by g.
2
Suppose -2*w + 3 = 3*m, -4*w + 0*m + 5*m + 17 = 0. Suppose -w*u + 10 = 2*u. Let i = 5 - 3. What is the remainder when u is divided by i?
